reatest common divisor of 942450 and 14008.
206
What is the greatest common divisor of 633 and 483823?
211
What is the highest common divisor of 72 and 742720068?
36
What is the highest common factor of 232 and 418952?
8
What is the greatest common divisor of 82720 and 19160240?
880
What is the greatest common factor of 50 and 463344290?
10
Calculate the highest common divisor of 2260 and 20664084.
452
What is the highest common divisor of 13361 and 1047761?
431
Calculate the highest common factor of 119175 and 69321.
21
Calculate the greatest common factor of 25 and 10667000.
25
Calculate the greatest common factor of 507648 and 18.
6
Calculate the greatest common factor of 19161325 and 20.
5
Calculate the greatest common factor of 4494 and 2900342.
214
What is the greatest common factor of 54787632 and 54360?
3624
Calculate the greatest common divisor of 741 and 1100157.
57
Calculate the highest common divisor of 146 and 3243978.
2
What is the greatest common divisor of 2521 and 716?
1
Calculate the highest common factor of 525372102 and 1998.
1998
Calculate the greatest common divisor of 455678 and 1349.
71
Calculate the highest common divisor of 618915 and 26136.
363
Calculate the highest common divisor of 64547770 and 1652.
826
Calculate the greatest common factor of 100388 and 88.
4
Calculate the highest common divisor of 8103030 and 37083.
789
What is the greatest common divisor of 1380926313 and 9?
9
What is the greatest common divisor of 2110864 and 1176133?
2807
What is the highest common divisor of 3869 and 1321767?
53
What is the highest common divisor of 70943659 and 237?
79
What is the highest common factor of 21812020 and 340?
340
Calculate the highest common divisor of 1828 and 927474188.
1828
What is the greatest common divisor of 133665 and 6519660?
1995
Calculate the highest common divisor of 3401321 and 122221.
2981
Calculate the greatest common divisor of 190 and 11453884.
38
Calculate the highest common factor of 1625 and 167738350.
325
Calculate the highest common factor of 3850 and 9665425.
1925
What is the greatest common divisor of 3906 and 28073042?
62
Calculate the greatest common factor of 17520 and 603272.
584
What is the greatest common factor of 40626 and 20176482?
366
What is the highest common divisor of 72267356 and 1372?
1372
Calculate the greatest common factor of 876 and 25603217.
73
Calculate the greatest common divisor of 42 and 29270458.
14
What is the highest common divisor of 49991452 and 1708?
1708
What is the highest common divisor of 211130933 and 2639?
377
What is the highest common divisor of 684 and 11639700?
36
What is the highest common factor of 449751 and 5319?
591
Calculate the greatest common divisor of 19316458 and 20076.
3346
What is the highest common factor of 67752774 and 810?
162
Calculate the highest common divisor of 6559287 and 735.
147
What is the greatest common divisor of 24 and 7587664?
8
What is the greatest common factor of 398149968 and 15696?
5232
What is the highest common factor of 87590 and 110?
10
Calculate the greatest common factor of 66 and 231123.
3
What is the highest common divisor of 31450 and 1032818?
1258
What is the highest common divisor of 805 and 56054565?
805
Calculate the highest common divisor of 6498978 and 308226.
6558
Calculate the greatest common divisor of 1602 and 698994.
18
Calculate the highest common factor of 78688 and 9184.
32
What is the highest common factor of 39810768 and 24?
24
What is the highest common factor of 2443 and 35101373?
349
What is the greatest common factor of 2764879 and 7319?
13
What is the highest common factor of 2452 and 45592?
4
What is the highest common divisor of 4536 and 184520?
56
Calculate the highest common factor of 92765134 and 343.
49
What is the greatest common factor of 964 and 769772?
4
Calculate the greatest common factor of 1992430 and 294646.
1298
What is the highest common factor of 11943572 and 268?
4
Calculate the highest common divisor of 163464 and 32248.
1112
Calculate the highest common factor of 207070190 and 20.
10
Calculate the greatest common divisor of 1722 and 2986809.
861
Calculate the greatest common factor of 126 and 22794210.
18
Calculate the greatest common divisor of 3284 and 126096569.
821
Calculate the greatest common divisor of 41471424 and 576.
576
Calculate the highest common factor of 57736 and 39851.
7
What is the highest common factor of 17104650 and 75?
75
What is the greatest common divisor of 444 and 34795524?
12
Calculate the highest common divisor of 13020 and 996016.
28
What is the highest common factor of 2586851 and 36491?
401
Calculate the highest common divisor of 1472 and 25174052.
92
What is the highest common factor of 20006 and 21392?
14
Calculate the greatest common factor of 3001464 and 120.
24
Calculate the highest common factor of 10887938 and 8374.
158
What is the greatest common factor of 11182632 and 3828?
348
Calculate the highest common factor of 101116338 and 222.
222
What is the greatest common factor of 1820 and 74462180?
260
Calculate the greatest common factor of 186258 and 5544951.
2517
What is the greatest common factor of 29952 and 990249?
39
What is the highest common factor of 261 and 483941937?
87
What is the greatest common factor of 4906049 and 2787?
929
Calculate the greatest common divisor of 2263764 and 23430.
426
Calculate the greatest common factor of 722504 and 11512.
8
Calculate the greatest common divisor of 2736302 and 944.
118
What is the highest common divisor of 65120 and 25062320?
2960
Calculate the highest common divisor of 58672 and 2973937.
3667
What is the greatest common divisor of 8700566 and 1779458?
8942
Calculate the greatest common divisor of 5022 and 5525280.
54
What is the highest common divisor of 98449767 and 4596?
1149
What is the greatest common factor of 2184 and 4518423?
273
What is the greatest common divisor of 45 and 7282413?
9
What is the greatest common factor of 18942 and 685356?
1722
What is the greatest common factor of 27 and 87783561?
27
What is the highest common divisor of 1689806 and 24?
2
What is the greatest common factor of 50 and 29463850?
50
What is the greatest common divisor of 6875 and 7195485?
55
What is the highest common divisor of 26 and 537830?
2
What is the highest common divisor of 7421516 and 54988?
932
What is the greatest common divisor of 5659212 and 30108?
156
Calculate the highest common factor of 3529896 and 28386.
114
Calculate the greatest common divisor of 21855 and 4322355.
705
What is the highest common divisor of 420 and 4313036?
28
What is the greatest common factor of 666976 and 90896?
304
Calculate the highest common divisor of 13086 and 26820.
18
What is the highest common divisor of 108 and 553878756?
108
Calculate the greatest common factor of 24969 and 22.
1
Calculate the highest common divisor of 2600169 and 47937.
1653
What is the greatest common divisor of 705 and 698709990?
705
What is the highest common divisor of 112 and 136199504?
112
What is the greatest common factor of 560 and 18985008?
112
What is the greatest common factor of 6887 and 1998588?
97
Calculate the highest common factor of 220 and 10500440.
20
What is the highest common factor of 528208 and 204?
4
Calculate the highest common factor of 666484 and 1134.
14
What is the greatest common divisor of 134944 and 41504?
32
What is the greatest common divisor of 62112666 and 13398?
462
Calculate the greatest common divisor of 22 and 1513259.
11
What is the highest common factor of 4794100220 and 140?
140
Calculate the greatest common divisor of 1450955 and 11165.
55
What is the greatest common divisor of 13979982 and 36?
6
Calculate the greatest common divisor of 2 and 116606026.
2
Calculate the greatest common factor of 6599872 and 592.
16
Calculate the greatest common factor of 327145 and 48685.
455
What is the highest common factor of 299 and 137142642?
13
What is the highest common divisor of 63717 and 3532173?
201
What is the greatest common factor of 121520 and 67060?
140
What is the greatest common factor of 41020970 and 220?
10
What is the greatest common divisor of 10044 and 373860?
1116
What is the greatest common divisor of 18001515 and 991?
991
Calculate the highest common divisor o